6 = 2*w, 5*b - 295 = 4*w + 35. Let c = 445 - 314. Let k = c + w. What is the greatest common divisor of 85 and k?
17
Suppose -g = 5*d - 37603, 4*d - d - 6*g = 22542. Calculate the greatest common factor of d and 480.
160
Let t(s) = -s**3 - 17*s**2 - 37*s + 3. Let a be t(-2). What is the greatest common divisor of a and 119?
17
Suppose -346*w + 14748 = 2972 - 11060. What is the greatest common factor of 5709 and w?
33
Let b = 18 + -18. Suppose b = 9*n - 2*n. Let x be (0 - 9)/((-5 - n)/5). What is the greatest common factor of 99 and x?
9
Let j = 207 - -6541. Calculate the greatest common divisor of 7 and j.
7
Let y = 5 - 8. Let a(d) = 3 + 4*d**2 + 8 - 16*d + 2*d**2 - 7 + 24*d. Let b be a(y). Calculate the highest common factor of 34 and b.
34
Let b(s) = 19*s + 1071. Let l be b(-53). What is the highest common factor of 1 and l?
1
Let x be 810/75 + (-8)/10. Suppose 0 = -2*z - x, -c + 4*z + 756 = 3*c. Calculate the highest common divisor of c and 8.
8
Suppose 2*n - 42 = -5*u, 0 = -3*u - 2*n - n + 27. Suppose 6*z = 13 - 7. Let y be ((-16)/6)/(z/(-12)). Calculate the highest common divisor of u and y.
8
Let d(w) = w**2 - w. Let q be d(-5). Suppose -4*o - 860 = 5*c - o, -4*c + 2*o - 710 = 0. Let p = c - -187. What is the greatest common divisor of p and q?
6
Let v be ((50/6)/5)/((-6)/(-414)). Let h = -55 + v. Suppose -11*n + 72 + h = 0. What is the greatest common factor of 3 and n?
3
Let g be (-6 + 0)/((20/24)/((-125)/75)). What is the greatest common divisor of g and 2888?
4
Suppose -479 - 404 - 272 = -385*w. Calculate the greatest common factor of 384 and w.
3
Suppose 4*b - 9*b + 480 = 0. Let l(y) = -128*y + 6916. Let m be l(53). Calculate the greatest common factor of b and m.
12
Let v(q) = 28*q**2 + 4*q + 6. Suppose -127*w + 136*w = -18. Let o be v(w). Calculate the greatest common factor of 22 and o.
22
Let j(y) = -2245 + 13*y**2 - 21*y - 4*y**2 + 2201. Let f be j(-6). What is the greatest common factor of f and 28?
14
Let o be 666/81 - ((-60)/(-27) - 2). Let b be o/(-24) + 1684/12. Let k(i) = i**2 - 14*i - 31. Let y be k(17). What is the highest common divisor of b and y?
20
Let c = -2 + -2. Let y be 2/((-5)/c + -1). Let z(s) = -3*s + 88. Let f be z(24). Calculate the greatest common divisor of f and y.
8
Let f = -14 + 26. Let z = 39 - 23. Suppose -z*g + 29 = -67. Calculate the greatest common factor of g and f.
6
Let o = -11382 + 12556. Calculate the highest common divisor of o and 6.
2
Suppose 12 + 36 = 2*v. Let m(j) = -20*j + 7 - j**2 - v - 7. Let k be m(-18). Calculate the highest common divisor of 30 and k.
6
Let t(b) = b**2 - 4*b - 1. Let f be t(-3). Let r be (-3)/(-5)*(-245)/(-294) + (-33)/(-6). Calculate the greatest common factor of f and r.
2
Let d be (68/(-2) + 3)*(-13)/((-78)/(-24)). What is the greatest common factor of d and 1426?
62
Let h = 12 - 0. Let a(t) = -17*t + 122 - 25*t + 97 + 36. Let q be a(6). What is the highest common divisor of h and q?
3
Suppose 201 - 651 = -11*t + 430. Calculate the greatest common divisor of t and 1000.
40
Let m be (-12)/22 + 14892/561. Suppose 0 = m*q + 336 - 908. Calculate the highest common factor of q and 33.
11
Let i = 2 + 1. Suppose 74 = 25*n + 42 - 43. Calculate the highest common divisor of n and i.
3
Let l(c) = -34*c + 47. Let y(f) = 33*f - 50. Let s(k) = 6*l(k) + 7*y(k). Let g be s(7). What is the highest common factor of 33 and g?
11
Suppose -2*z + 3*l + 134 = l, -z + 5*l = -71. Suppose -x - z = -4*x. Suppose -25*i = 46*i - 3124. What is the greatest common divisor of x and i?
22
Let j be (-194)/(-4) - (-1)/(-2). Let m be 2 - (1 + 1*(-375)/12) - 3/12. Calculate the highest common factor of j and m.
16
Let x = 1 + 4. Suppose 3*i - 477 = -2*r, 2*i + 5*r - 222 = 96. Suppose 5*u = 0, u - i - 1041 = -x*t. Calculate the highest common divisor of t and 24.
24
Suppose -20*n + 158 + 282 = 0. Suppose 33 + 0 = -3*k. Let f = n - k. Calculate the highest common factor of 165 and f.
33
Let w be (-2407419)/(-4293) + 2/9. Calculate the highest common divisor of w and 462.
33
Suppose -5*l + 1440 - 1400 = 0. Let g = -24 - -18. Let q be g/9 - 410/(-3). What is the highest common divisor of l and q?
8
Let m(v) = v**2 + 62*v - 252. Let b be m(-67). What is the highest common factor of b and 3?
1
Let r = -158 - -163. Let c be 510/9 + r/15. Calculate the greatest common factor of 95 and c.
19
Let c(t) = 406*t - 397. Let h be c(1). What is the greatest common factor of 507 and h?
3
Let r = 19 - -80. Let w be 3/(-6)*(0 - 3 - r). Let m(b) = b**3 + 11*b**2 - 4*b - 10. Let i be m(-11). What is the highest common divisor of w and i?
17
Let t = 12 + 30. Suppose t + 24 = 6*c. Suppose 7*v - c*v + 260 = 0. What is the greatest common factor of 13 and v?
13
Let a be (-3)/(-39) - 6454/(-91). Suppose -5*k - a = -3*o - o, 3*k - 39 = -o. Calculate the highest common factor of o and 456.
24
Let l(h) be the second derivative of 2*h**3 - 55*h**2/2 - 48*h - 2. Let c be l(10). What is the highest common factor of 104 and c?
13
Suppose 4*z + 4*h = 172, -11*h = z - 8*h - 43. What is the highest common factor of z and 1591?
43
Let r be 10/(-45) + 20/18*38. Suppose -59*k + 36 = -56*k. What is the greatest common factor of r and k?
6
Let l = 16528 - 16042. Calculate the greatest common divisor of l and 12.
6
Let q = -3840 + 3864. Calculate the highest common factor of 1240 and q.
8
Let f be (-2)/13 - 1408/(-26) - (-160)/32. Calculate the greatest common divisor of 31978 and f.
59
Suppose 158*n + 704 = 180*n. What is the greatest common factor of n and 24?
8
Let o(y) = 6*y + 21. Let n be o(-15). Let r be ((-5)/20)/((-6)/(-8))*n. Calculate the greatest common factor of r and 23.
23
Let d = -127 - -133. Let t(p) = p**3 + 2*p + 1. Let q be t(-1). Let x be -1*(-16 + 4/q). Calculate the highest common factor of x and d.
6
Let y(s) = -2*s + 182. Let v(u) = u + 32. Let t be v(-4). Let z be y(t). What is the highest common divisor of 18 and z?
18
Let x = -47 + 50. Suppose -x*d = -5*h + d - 50, -d = -5. Let q be (-318)/(-4) + h/(-4). Calculate the greatest common factor of q and 27.
27
Suppose -6*f - 100 = -82. Let q be (-43 + -8)/(f + 18/8). What is the greatest common divisor of 221 and q?
17
Let w(a) = 61*a**3 + 4*a**2 + 44*a - 46. Let n be w(1). What is the greatest common divisor of 72 and n?
9
Let j(r) = 70*r + 64. Let m be j(5). Let t = -400 + m. Calculate the greatest common divisor of 182 and t.
14
Let n(v) = v**2 + 1. Suppose -5*l + 3 = a, 0*l - a = -2*l - 3. Let q be n(l). Let w = -13547 - -13552. What is the highest common divisor of q and w?
1
Let j = -245 + 424. Suppose f - 4*g = -0*f + j, 738 = 4*f - 5*g. What is the highest common divisor of f and 11?
11
Let v be 3/((28/(-4))/(-91)). Let u = 59 + v. Calculate the greatest common divisor of 28 and u.
14
Let a(n) = -n**3 - 7*n**2 - 2*n + 27. Let m be a(-6). Let f be (24/m)/(8/40). Calculate the highest common divisor of f and 24.
8
Suppose 420 = -3*f + 13*f. Suppose -s + 4*s = f. Let k(h) = 2*h**2 - 17*h + 14. Let b be k(s). Calculate the greatest common factor of 24 and b.
24
Let z(j) = 77*j - 463. Let d be z(8). Let a be -8*5/(40/(-9)). Calculate the greatest common divisor of a and d.
9
Let c = -12226 + 12256. What is the highest common factor of c and 885?
15
Suppose -27*h - 356 = -26*h - 4*a, -2*h - 5*a = 660. Let r = h + 343. Calculate the highest common factor of 81 and r.
3
Suppose 0 = -5*l + 140*f - 142*f + 3637, -5*f - 20 = 0. Calculate the greatest common factor of 153 and l.
9
Let q(b) be the first derivative of 5*b**3/3 + 3*b**2/2 - 20*b - 141. Let m be q(-5). Calculate the greatest common divisor of 90 and m.
90
Let t = 19083 + -18891. Calculate the greatest common factor of t and 114.
6
Suppose -3*f = -164*z + 166*z - 196, -5*z + 40 = 0. Calculate the greatest common factor of 2220 and f.
60
Suppose 0 = -2*f - 0*f + 2*m + 14, -f - m + 7 = 0. Let n = 17 + f. Calculate the greatest common divisor of 6 and n.
6
Suppose -7*i - 2609 = -5*w, 5*i + 83 + 464 = w. Let g(j) = j**3 - 3*j**2 + 3*j - 1. Let n be g(3). Calculate the greatest common factor of w and n.
8
Let q(i) = -656*i + 7. Let w be q(0). What is the greatest common factor of 14798 and w?
7
Let c = 90 - 75. Suppose 0 = c*u - 1303 - 47. What is the highest common factor of 9 and u?
9
Suppose -o = -4*p - 2